f 2633386?
3
What is the tens digit of 23648705?
0
What is the tens digit of 137069?
6
What is the hundred thousands digit of 993956?
9
What is the tens digit of 496584?
8
What is the tens digit of 52226?
2
What is the thousands digit of 593069?
3
What is the thousands digit of 656394?
6
What is the tens digit of 3577726?
2
What is the ten thousands digit of 484485?
8
What is the thousands digit of 5597152?
7
What is the thousands digit of 14578191?
8
What is the thousands digit of 1121644?
1
What is the tens digit of 1099412?
1
What is the millions digit of 2808563?
2
What is the tens digit of 1068541?
4
What is the ten thousands digit of 869381?
6
What is the thousands digit of 17642?
7
What is the tens digit of 21157716?
1
What is the ten thousands digit of 5298388?
9
What is the hundreds digit of 461824?
8
What is the hundred thousands digit of 158646?
1
What is the tens digit of 291487?
8
What is the units digit of 5426451?
1
What is the hundred thousands digit of 8801860?
8
What is the tens digit of 436398?
9
What is the thousands digit of 537587?
7
What is the hundred thousands digit of 2381560?
3
What is the thousands digit of 940456?
0
What is the hundreds digit of 10740929?
9
What is the tens digit of 3268769?
6
What is the thousands digit of 715680?
5
What is the hundred thousands digit of 2315391?
3
What is the hundred thousands digit of 224135?
2
What is the units digit of 23857113?
3
What is the thousands digit of 2742670?
2
What is the units digit of 2990912?
2
What is the tens digit of 586272?
7
What is the units digit of 6112097?
7
What is the hundreds digit of 1181816?
8
What is the hundred thousands digit of 604857?
6
What is the thousands digit of 7546800?
6
What is the thousands digit of 6552230?
2
What is the units digit of 6209?
9
What is the units digit of 280646?
6
What is the ten thousands digit of 1900210?
0
What is the thousands digit of 325939?
5
What is the hundreds digit of 2617972?
9
What is the units digit of 1917386?
6
What is the tens digit of 59882?
8
What is the millions digit of 1179604?
1
What is the ten thousands digit of 2209413?
0
What is the units digit of 651071?
1
What is the tens digit of 226711?
1
What is the units digit of 5501377?
7
What is the millions digit of 6705528?
6
What is the tens digit of 511224?
2
What is the hundreds digit of 185815?
8
What is the tens digit of 584580?
8
What is the hundred thousands digit of 1069300?
0
What is the thousands digit of 1803750?
3
What is the hundreds digit of 14526732?
7
What is the tens digit of 964486?
8
What is the hundred thousands digit of 462785?
4
What is the ten millions digit of 12669691?
1
What is the thousands digit of 6973343?
3
What is the thousands digit of 2628774?
8
What is the hundreds digit of 528877?
8
What is the tens digit of 560136?
3
What is the ten thousands digit of 4456118?
5
What is the tens digit of 4233090?
9
What is the thousands digit of 3868486?
8
What is the ten thousands digit of 9105559?
0
What is the ten thousands digit of 2519498?
1
What is the ten thousands digit of 1366189?
6
What is the ten thousands digit of 540409?
4
What is the millions digit of 1243373?
1
What is the ten thousands digit of 25171645?
7
What is the ten thousands digit of 683508?
8
What is the ten thousands digit of 1497118?
9
What is the thousands digit of 2067627?
7
What is the millions digit of 1748792?
1
What is the thousands digit of 46131?
6
What is the tens digit of 327012?
1
What is the units digit of 215087?
7
What is the hundred thousands digit of 270693?
2
What is the hundreds digit of 11967179?
1
What is the tens digit of 891234?
3
What is the tens digit of 226002?
0
What is the ten thousands digit of 23456?
2
What is the thousands digit of 2999289?
9
What is the ten thousands digit of 124276?
2
What is the tens digit of 394223?
2
What is the hundred thousands digit of 37786377?
7
What is the hundred thousands digit of 570500?
5
What is the ten thousands digit of 494545?
9
What is the thousands digit of 70124?
0
What is the hundreds digit of 20720206?
2
What is the hundred thousands digit of 302334?
3
What is the hundred thousands digit of 2681469?
6
What is the thousands digit of 82321?
2
What is the ten thousands digit of 5849661?
4
What is the tens digit of 45588?
8
What is the thousands digit of 870929?
0
What is the ten thousands digit of 20776?
2
What is the tens digit of 31165?
6
What is the tens digit of 214710?
1
What is the tens digit of 110670?
7
What is the units digit of 10609856?
6
What is the ten thousands digit of 807860?
0
What is the thousands digit of 33606653?
6
What is the ten thousands digit of 189827?
8
What is the hundreds digit of 1408964?
9
What is the tens digit of 6740529?
2
What is the units digit of 886082?
2
What is the hundreds digit of 3456846?
8
What is the units digit of 285578?
8
What is the tens digit of 123606?
0
What is the hundred thousands digit of 358583?
3
What is the hundred thousands digit of 1745302?
7
What is the ten millions digit of 15179091?
1
What is the hundreds digit of 417598?
5
What is the hundred thousands digit of 3046195?
0
What is the hundred thousands digit of 1554433?
5
What is the thousands digit of 18861922?
1
What is the thousands digit of 18850?
8
What is the units digit of 766694?
4
What is the hundred thousands digit of 282604?
2
What is the units digit of 11616629?
9
What is the units digit of 27528372?
2
What is the thousands digit of 180011?
0
What is the thousands digit of 1344837?
4
What is the tens digit of 117264?
6
What is the tens digit of 3000487?
8
What is the millions digit of 7267814?
7
What is the thousands digit of 289607?
9
What is the hundred thousands digit of 19378082?
3
What is the tens digit of 2596822?
2
What is the ten thousands digit of 11551248?
5
What is the units digit of 47158?
8
What is the tens digit of 1907617?
1
What is the ten millions digit of 12266516?
1
What is the units digit of 3257955?
5
What is the ten thousands digit of 14282447?
8
What is the units digit of 117528?
8
What is the thousands digit of 160436?
0
What is the hundreds digit of 561164?
1
What is the ten thousands digit of 371059?
7
What is the ten thousands digit of 6395022?
9
What is the tens digit of 380353?
5
What is the ten thousands digit of 201334?
0
What is the hundred thousands digit of 5298568?
2
What is the hundreds digit of 5381830?
8
What is the millions digit of 38022601?
8
What is the ten thousands digit of 26707775?
0
What is the thousands digit of 10225158?
5
What is the hundreds digit of 380287?
2
What is the tens digit of 2426015?
1
What is the units digit of 6623770?
0
What is the thousands digit of 282363?
2
What is the units digit of 91590?
0
What is the millions digit of 7895265?
7
What is the thousands digit of 30076671?
6
What is the hundred thousands digit of 123401?
1
What is the ten thousands digit of 22053096?
5
What is the hundred thousands digit of 2980025?
9
What is the thousands digit of 4342583?
2
What is the units digit of 5476466?
6
What is the millions digit of 6198715?
6
What is the ten thousands digit of 12555201?
5
What is the units digit of 17523079?
9
What is the hundred thousands digit of 221331?
2
What is the units digit of 474265?
5
What is the hundred thousands digit of 904610?
9
What is the ten thousands digit of 1470095?
7
What is the units digit of 20719294?
4
What is the hundred thousands digit of 6495955?
4
What is the units digit of 280526?
6
What is the ten thousands digit of 3563051?
6
What is the hundreds digit of 2252022?
0
What is the hundreds digit of 856326?
3
What is the ten thousands digit of 5165822?
6
What is the hundreds digit of 3147363?
3
What is the units digit of 561029?
9
What is the tens digit of 1080033?
3
What is the millions digit of 30509946?
0
What is the units digit of 20561161?
1
What is the millions digit of 11405769?
1
What is the ten thousands digit of 535445?
3
What is the ten thousands digit of 3839899?
3
What is the hundred thousands digit of 342954?
3
What is the ten thousands digit of 142421?
4
What is the hundred thousands digit of 456554?
4
What is the thousands digit of 200907?
0
What is the hundreds digit of 682357?
3
What is the hundred thousands digit of 1881880?
8
What is t